{"id":69,"date":"2023-03-14T17:55:41","date_gmt":"2023-03-14T16:55:41","guid":{"rendered":"http:\/\/2023.marathonphotocornouaille.bzh\/?page_id=69"},"modified":"2023-04-02T14:47:34","modified_gmt":"2023-04-02T12:47:34","slug":"jury","status":"publish","type":"page","link":"http:\/\/2023.marathonphotocornouaille.bzh\/index.php\/informations\/jury\/","title":{"rendered":"Jury"},"content":{"rendered":"<div class=\"flex flex-grow flex-col gap-3\"><div class=\"team-member-wrap\"><div class=\"flex-element flex-wrap row\"><div class=\"col-3\">\n\t\t\t\t\t\t\t\t<div class=\"teammember-list\">\n\t\t\t\t\t\t\t\t\t<div class=\"team-inner\">\n\t\t\t\t\t\t\t\t\t\t<div class=\"team-thumbnail\">\n\t\t\t\t\t\t\t\t\t\t<a href=\"http:\/\/2023.marathonphotocornouaille.bzh\/index.php\/our-team\/helene-dourliand\/\">\t<img decoding=\"async\" src=\"http:\/\/2023.marathonphotocornouaille.bzh\/wp-content\/uploads\/2023\/04\/PortraitHelene-730x764.jpg\" alt=\"\"\/><\/a>\n\t\t\t\t\t\t\t\t\t\t\t\n\t\t\t\t\t\t\t\t\t\t<\/div><!-- team-thumbnail -->\n\t\t\t\t\t\t\t\t\t\t<div class=\"team-info\">\n\t\t\t\t\t\t\t\t\t\t\t<h4><a href=\"http:\/\/2023.marathonphotocornouaille.bzh\/index.php\/our-team\/helene-dourliand\/\">H\u00e9l\u00e8ne Dourliand<\/a><\/h4>\n\t\t\t\t\t\t\t\t\t\t\t<span>Jur\u00e9 N\u00b01<\/span>\n\t\t\t\t\t\t\t\t\t\t\t\n\t\t\t\t\t\t\t\t\t\t<\/div><!-- team-info --><\/div><!-- team-inner -->\n\t\t\t\t\t\t\t\t<\/div><!-- teammember list -->\n\t\t\t\t\t\t\t<\/div><!-- col --><div class=\"col-3\">\n\t\t\t\t\t\t\t\t<div class=\"teammember-list\">\n\t\t\t\t\t\t\t\t\t<div class=\"team-inner\">\n\t\t\t\t\t\t\t\t\t\t<div class=\"team-thumbnail\">\n\t\t\t\t\t\t\t\t\t\t<a href=\"http:\/\/2023.marathonphotocornouaille.bzh\/index.php\/our-team\/laureen-keravec\/\">\t<img decoding=\"async\" src=\"http:\/\/2023.marathonphotocornouaille.bzh\/wp-content\/uploads\/2023\/03\/Portrait_Laureen_Keravec1-730x764.jpg\" alt=\"\"\/><\/a>\n\t\t\t\t\t\t\t\t\t\t\t\n\t\t\t\t\t\t\t\t\t\t<\/div><!-- team-thumbnail -->\n\t\t\t\t\t\t\t\t\t\t<div class=\"team-info\">\n\t\t\t\t\t\t\t\t\t\t\t<h4><a href=\"http:\/\/2023.marathonphotocornouaille.bzh\/index.php\/our-team\/laureen-keravec\/\">Laureen Keravec<\/a><\/h4>\n\t\t\t\t\t\t\t\t\t\t\t<span>Jur\u00e9 N\u00b02<\/span>\n\t\t\t\t\t\t\t\t\t\t\t\n\t\t\t\t\t\t\t\t\t\t<\/div><!-- team-info --><\/div><!-- team-inner -->\n\t\t\t\t\t\t\t\t<\/div><!-- teammember list -->\n\t\t\t\t\t\t\t<\/div><!-- col --><div class=\"col-3\">\n\t\t\t\t\t\t\t\t<div class=\"teammember-list\">\n\t\t\t\t\t\t\t\t\t<div class=\"team-inner\">\n\t\t\t\t\t\t\t\t\t\t<div class=\"team-thumbnail\">\n\t\t\t\t\t\t\t\t\t\t<a href=\"http:\/\/2023.marathonphotocornouaille.bzh\/index.php\/our-team\/yves-larvor\/\">\t<img decoding=\"async\" src=\"http:\/\/2023.marathonphotocornouaille.bzh\/wp-content\/uploads\/2023\/03\/ves-Larvor-730x764.jpg\" alt=\"JURY marathon photo cornouaille\"\/><\/a>\n\t\t\t\t\t\t\t\t\t\t\t\n\t\t\t\t\t\t\t\t\t\t<\/div><!-- team-thumbnail -->\n\t\t\t\t\t\t\t\t\t\t<div class=\"team-info\">\n\t\t\t\t\t\t\t\t\t\t\t<h4><a href=\"http:\/\/2023.marathonphotocornouaille.bzh\/index.php\/our-team\/yves-larvor\/\">Yves Larvor<\/a><\/h4>\n\t\t\t\t\t\t\t\t\t\t\t<span>Jur\u00e9 N\u00b03<\/span>\n\t\t\t\t\t\t\t\t\t\t\t\n\t\t\t\t\t\t\t\t\t\t<\/div><!-- team-info --><\/div><!-- team-inner -->\n\t\t\t\t\t\t\t\t<\/div><!-- teammember list -->\n\t\t\t\t\t\t\t<\/div><!-- col --><div class=\"col-3\">\n\t\t\t\t\t\t\t\t<div class=\"teammember-list\">\n\t\t\t\t\t\t\t\t\t<div class=\"team-inner\">\n\t\t\t\t\t\t\t\t\t\t<div class=\"team-thumbnail\">\n\t\t\t\t\t\t\t\t\t\t<a href=\"http:\/\/2023.marathonphotocornouaille.bzh\/index.php\/our-team\/didier-ropers\/\">\t<img decoding=\"async\" src=\"http:\/\/2023.marathonphotocornouaille.bzh\/wp-content\/uploads\/2023\/03\/Portrait-Didier-2020-730x764.jpg\" alt=\"Didier ropers\"\/><\/a>\n\t\t\t\t\t\t\t\t\t\t\t\n\t\t\t\t\t\t\t\t\t\t<\/div><!-- team-thumbnail -->\n\t\t\t\t\t\t\t\t\t\t<div class=\"team-info\">\n\t\t\t\t\t\t\t\t\t\t\t<h4><a href=\"http:\/\/2023.marathonphotocornouaille.bzh\/index.php\/our-team\/didier-ropers\/\">Didier Ropers<\/a><\/h4>\n\t\t\t\t\t\t\t\t\t\t\t<span>Jury N\u00b04<\/span>\n\t\t\t\t\t\t\t\t\t\t\t\n\t\t\t\t\t\t\t\t\t\t<\/div><!-- team-info --><\/div><!-- team-inner -->\n\t\t\t\t\t\t\t\t<\/div><!-- teammember list -->\n\t\t\t\t\t\t\t<\/div><!-- col --><\/div><\/div><\/p>\n<div class=\"min-h-[20px] flex flex-col items-start gap-4 whitespace-pre-wrap\">\n<div class=\"markdown prose w-full break-words dark:prose-invert light\">\n<p style=\"text-align: left;\">Le jury du Marathon Photo : des professionnels de la photographie pour \u00e9valuer vos clich\u00e9s<\/p>\n<p style=\"text-align: left;\">Lors d&rsquo;un Marathon Photo, l&rsquo;\u00e9valuation des photos est un moment crucial pour les participants. C&rsquo;est pour cette raison que l&rsquo;organisation de cet \u00e9v\u00e9nement met en place un jury compos\u00e9 de professionnels de la photographie. Ces experts seront charg\u00e9s de juger les clich\u00e9s r\u00e9alis\u00e9s par les participants, en se basant sur des crit\u00e8res pr\u00e9cis tels que la qualit\u00e9 de l&rsquo;image, la cr\u00e9ativit\u00e9, l&rsquo;originalit\u00e9, ou encore la pertinence par rapport au th\u00e8me impos\u00e9.<\/p>\n<p style=\"text-align: left;\">Le jury est constitu\u00e9 de photographes exp\u00e9riment\u00e9s, d&rsquo;artistes renomm\u00e9s ou encore de critiques sp\u00e9cialis\u00e9s dans le domaine de la photographie. Leur exp\u00e9rience et leur expertise leur permettent d&rsquo;avoir un regard aiguis\u00e9 sur les photos pr\u00e9sent\u00e9es et d&rsquo;\u00e9mettre des avis pertinents et constructifs.<\/p>\n<p style=\"text-align: left;\">Leur r\u00f4le est primordial car ils ont la lourde responsabilit\u00e9 d&rsquo;\u00e9lire les photographies les plus r\u00e9ussies. Leur d\u00e9cision finale est bas\u00e9e sur une analyse minutieuse de chaque photo, afin de d\u00e9terminer celles qui m\u00e9ritent de remporter les prix.<\/p>\n<p style=\"text-align: left;\">Si vous participez \u00e0 un Marathon Photo, vous aurez donc l&rsquo;opportunit\u00e9 de voir vos photos \u00e9valu\u00e9es par des professionnels du milieu, qui pourront vous donner des conseils et des critiques constructives pour vous aider \u00e0 vous am\u00e9liorer.<\/p>\n<p style=\"text-align: left;\">En somme, le jury du Marathon Photo est une v\u00e9ritable garantie de qualit\u00e9 pour cet \u00e9v\u00e9nement. Leur expertise vous permettra de mesurer la qualit\u00e9 de votre travail et de vous am\u00e9liorer pour les prochaines \u00e9ditions.<\/p>\n<\/div>\n<\/div>\n<\/div>\n","protected":false},"excerpt":{"rendered":"<p>Le jury du Marathon Photo : des professionnels de la photographie pour \u00e9valuer vos clich\u00e9s Lors d&rsquo;un Marathon Photo, l&rsquo;\u00e9valuation des photos est un moment crucial pour les participants. C&rsquo;est pour cette raison que l&rsquo;organisation de cet \u00e9v\u00e9nement met en place un jury compos\u00e9 de professionnels de la photographie. Ces experts seront charg\u00e9s de juger les clich\u00e9s r\u00e9alis\u00e9s par les participants, en se basant sur des crit\u00e8res pr\u00e9cis tels que la qualit\u00e9 de l&rsquo;image, la cr\u00e9ativit\u00e9, l&rsquo;originalit\u00e9, ou encore la pertinence par rapport au th\u00e8me impos\u00e9. Le jury est constitu\u00e9 de photographes exp\u00e9riment\u00e9s, d&rsquo;artistes renomm\u00e9s ou encore de critiques sp\u00e9cialis\u00e9s&#8230; <\/p>\n","protected":false},"author":2,"featured_media":0,"parent":59,"menu_order":6,"comment_status":"closed","ping_status":"closed","template":"page-templates\/template-full-width.php","meta":{"_acf_changed":false,"footnotes":""},"class_list":["post-69","page","type-page","status-publish","hentry"],"acf":[],"_links":{"self":[{"href":"http:\/\/2023.marathonphotocornouaille.bzh\/index.php\/wp-json\/wp\/v2\/pages\/69","targetHints":{"allow":["GET"]}}],"collection":[{"href":"http:\/\/2023.marathonphotocornouaille.bzh\/index.php\/wp-json\/wp\/v2\/pages"}],"about":[{"href":"http:\/\/2023.marathonphotocornouaille.bzh\/index.php\/wp-json\/wp\/v2\/types\/page"}],"author":[{"embeddable":true,"href":"http:\/\/2023.marathonphotocornouaille.bzh\/index.php\/wp-json\/wp\/v2\/users\/2"}],"replies":[{"embeddable":true,"href":"http:\/\/2023.marathonphotocornouaille.bzh\/index.php\/wp-json\/wp\/v2\/comments?post=69"}],"version-history":[{"count":13,"href":"http:\/\/2023.marathonphotocornouaille.bzh\/index.php\/wp-json\/wp\/v2\/pages\/69\/revisions"}],"predecessor-version":[{"id":408,"href":"http:\/\/2023.marathonphotocornouaille.bzh\/index.php\/wp-json\/wp\/v2\/pages\/69\/revisions\/408"}],"up":[{"embeddable":true,"href":"http:\/\/2023.marathonphotocornouaille.bzh\/index.php\/wp-json\/wp\/v2\/pages\/59"}],"wp:attachment":[{"href":"http:\/\/2023.marathonphotocornouaille.bzh\/index.php\/wp-json\/wp\/v2\/media?parent=69"}],"curies":[{"name":"wp","href":"https:\/\/api.w.org\/{rel}","templated":true}]}}

<div class="flex flex-grow flex-col gap-3"><div class="team-member-wrap"><div class="flex-element flex-wrap row"><div class="col-3">
								<div class="teammember-list">
									<div class="team-inner">
										<div class="team-thumbnail">
										<a href="http://2023.marathonphotocornouaille.bzh/index.php/our-team/helene-dourliand/">	<img decoding="async" src="http://2023.marathonphotocornouaille.bzh/wp-content/uploads/2023/04/PortraitHelene-730x764.jpg" alt=""/></a>
											
										</div><!-- team-thumbnail -->
										<div class="team-info">
											<h4><a href="http://2023.marathonphotocornouaille.bzh/index.php/our-team/helene-dourliand/">Hélène Dourliand</a></h4>
											<span>Juré N°1</span>
											
										</div><!-- team-info --></div><!-- team-inner -->
								</div><!-- teammember list -->
							</div><!-- col --><div class="col-3">
								<div class="teammember-list">
									<div class="team-inner">
										<div class="team-thumbnail">
										<a href="http://2023.marathonphotocornouaille.bzh/index.php/our-team/laureen-keravec/">	<img decoding="async" src="http://2023.marathonphotocornouaille.bzh/wp-content/uploads/2023/03/Portrait_Laureen_Keravec1-730x764.jpg" alt=""/></a>
											
										</div><!-- team-thumbnail -->
										<div class="team-info">
											<h4><a href="http://2023.marathonphotocornouaille.bzh/index.php/our-team/laureen-keravec/">Laureen Keravec</a></h4>
											<span>Juré N°2</span>
											
										</div><!-- team-info --></div><!-- team-inner -->
								</div><!-- teammember list -->
							</div><!-- col --><div class="col-3">
								<div class="teammember-list">
									<div class="team-inner">
										<div class="team-thumbnail">
										<a href="http://2023.marathonphotocornouaille.bzh/index.php/our-team/yves-larvor/">	<img decoding="async" src="http://2023.marathonphotocornouaille.bzh/wp-content/uploads/2023/03/ves-Larvor-730x764.jpg" alt="JURY marathon photo cornouaille"/></a>
											
										</div><!-- team-thumbnail -->
										<div class="team-info">
											<h4><a href="http://2023.marathonphotocornouaille.bzh/index.php/our-team/yves-larvor/">Yves Larvor</a></h4>
											<span>Juré N°3</span>
											
										</div><!-- team-info --></div><!-- team-inner -->
								</div><!-- teammember list -->
							</div><!-- col --><div class="col-3">
								<div class="teammember-list">
									<div class="team-inner">
										<div class="team-thumbnail">
										<a href="http://2023.marathonphotocornouaille.bzh/index.php/our-team/didier-ropers/">	<img decoding="async" src="http://2023.marathonphotocornouaille.bzh/wp-content/uploads/2023/03/Portrait-Didier-2020-730x764.jpg" alt="Didier ropers"/></a>
											
										</div><!-- team-thumbnail -->
										<div class="team-info">
											<h4><a href="http://2023.marathonphotocornouaille.bzh/index.php/our-team/didier-ropers/">Didier Ropers</a></h4>
											<span>Jury N°4</span>
											
										</div><!-- team-info --></div><!-- team-inner -->
								</div><!-- teammember list -->
							</div><!-- col --></div></div></p>
<div class="min-h-[20px] flex flex-col items-start gap-4 whitespace-pre-wrap">
<div class="markdown prose w-full break-words dark:prose-invert light">
<p style="text-align: left;">Le jury du Marathon Photo : des professionnels de la photographie pour évaluer vos clichés</p>
<p style="text-align: left;">Lors d&rsquo;un Marathon Photo, l&rsquo;évaluation des photos est un moment crucial pour les participants. C&rsquo;est pour cette raison que l&rsquo;organisation de cet événement met en place un jury composé de professionnels de la photographie. Ces experts seront chargés de juger les clichés réalisés par les participants, en se basant sur des critères précis tels que la qualité de l&rsquo;image, la créativité, l&rsquo;originalité, ou encore la pertinence par rapport au thème imposé.</p>
<p style="text-align: left;">Le jury est constitué de photographes expérimentés, d&rsquo;artistes renommés ou encore de critiques spécialisés dans le domaine de la photographie. Leur expérience et leur expertise leur permettent d&rsquo;avoir un regard aiguisé sur les photos présentées et d&rsquo;émettre des avis pertinents et constructifs.</p>
<p style="text-align: left;">Leur rôle est primordial car ils ont la lourde responsabilité d&rsquo;élire les photographies les plus réussies. Leur décision finale est basée sur une analyse minutieuse de chaque photo, afin de déterminer celles qui méritent de remporter les prix.</p>
<p style="text-align: left;">Si vous participez à un Marathon Photo, vous aurez donc l&rsquo;opportunité de voir vos photos évaluées par des professionnels du milieu, qui pourront vous donner des conseils et des critiques constructives pour vous aider à vous améliorer.</p>
<p style="text-align: left;">En somme, le jury du Marathon Photo est une véritable garantie de qualité pour cet événement. Leur expertise vous permettra de mesurer la qualité de votre travail et de vous améliorer pour les prochaines éditions.</p>
</div>
</div>
</div>

<p>Le jury du Marathon Photo : des professionnels de la photographie pour évaluer vos clichés Lors d&rsquo;un Marathon Photo, l&rsquo;évaluation des photos est un moment crucial pour les participants. C&rsquo;est pour cette raison que l&rsquo;organisation de cet événement met en place un jury composé de professionnels de la photographie. Ces experts seront chargés de juger les clichés réalisés par les participants, en se basant sur des critères précis tels que la qualité de l&rsquo;image, la créativité, l&rsquo;originalité, ou encore la pertinence par rapport au thème imposé. Le jury est constitué de photographes expérimentés, d&rsquo;artistes renommés ou encore de critiques spécialisés&#8230; </p>
