{"id":65,"date":"2023-03-14T17:55:16","date_gmt":"2023-03-14T16:55:16","guid":{"rendered":"http:\/\/2023.marathonphotocornouaille.bzh\/?page_id=65"},"modified":"2023-07-16T21:57:54","modified_gmt":"2023-07-16T19:57:54","slug":"faq","status":"publish","type":"page","link":"http:\/\/2023.marathonphotocornouaille.bzh\/index.php\/informations\/faq\/","title":{"rendered":"FAQ"},"content":{"rendered":"<div class=\"section section-info\">\n<h4 class=\"heading\" style=\"text-align: center;\"><\/h4>\n<p style=\"text-align: center;\"><div class=\"customtab\"><\/p>\n<p style=\"text-align: center;\">\n<div class=\"accordion-box\">\n<h2>C&rsquo;est quand?<\/h2>\n<div class=\"acc-content\">\n<p style=\"text-align: center;\">A partir de 9h, le samedi 22 juillet 2023 \u00e0 Quimper<\/p>\n<p style=\"text-align: center;\">\n<\/div>\n<div class=\"clear\"><\/div>\n<\/div>\n<p style=\"text-align: center;\">\n<div class=\"accordion-box\">\n<h2>C&rsquo;est o\u00f9?<\/h2>\n<div class=\"acc-content\">\n<p style=\"text-align: center;\">D\u00e9part depuis le jardin de l&rsquo;\u00c9v\u00each\u00e9 de Quimper<\/p>\n<p style=\"text-align: center;\">\n<\/div>\n<div class=\"clear\"><\/div>\n<\/div>\n<p style=\"text-align: center;\">\n<div class=\"accordion-box\">\n<h2>Pour qui ?<\/h2>\n<div class=\"acc-content\">\n<p style=\"text-align: center;\">Le marathon photo de Cornouaille est ouvert \u00e0 toutes les personnes disposant d&rsquo;un appareil photo acceptant les cartes SD.<br \/>\nPetits et grands venez relever le d\u00e9fi!<\/p>\n<p style=\"text-align: center;\">\n<\/div>\n<div class=\"clear\"><\/div>\n<\/div>\n<p style=\"text-align: center;\">\n<div class=\"accordion-box\">\n<h2>L&rsquo;objectif<\/h2>\n<div class=\"acc-content\">\n<p style=\"text-align: center;\">9 heures, 9 th\u00e8mes, 9 photos.<\/p>\n<p style=\"text-align: center;\">Et parce que ce n&rsquo;est pas assez compliqu\u00e9, il faut les faire dans l&rsquo;ordre impos\u00e9.<\/p>\n<p style=\"text-align: center;\">\n<\/div>\n<div class=\"clear\"><\/div>\n<\/div>\n<p style=\"text-align: center;\">\n<div class=\"accordion-box\">\n<h2>Parlons des th\u00e8mes<\/h2>\n<div class=\"acc-content\">\n<p style=\"text-align: center;\">Les th\u00e8mes ne seront connus que le 22 juillet \u00e0 9h00. Les 9 th\u00e8mes seront d\u00e9voil\u00e9s en m\u00eame temps.<\/p>\n<p style=\"text-align: center;\">M\u00eame si je ne vais pas te dire les th\u00e8mes, je peux te dire qu&rsquo;ils seront diversifi\u00e9s et qu&rsquo;ils sauront potentiellement tr\u00e8s loin de la culture bretonne.<\/p>\n<p style=\"text-align: center;\">\n<\/div>\n<div class=\"clear\"><\/div>\n<\/div>\n<p style=\"text-align: center;\">\n<div class=\"accordion-box\">\n<h2>Et \u00e7a co\u00fbte combien?<\/h2>\n<div class=\"acc-content\">\n<p style=\"text-align: center;\">Le prix du dossard est de <strong>20\u20ac<\/strong>. Pour ce prix vous recevrez un kit comprenant, entre autre une carte SD pour r\u00e9aliser vos photos. A la fin de la journ\u00e9e, tu devras nous la restituer.<\/p>\n<p style=\"text-align: center;\">Tu n&rsquo;auras pas la n\u00e9cessit\u00e9 d&rsquo;aller dans les spectacles payants du Festival de Cornouaille pour pouvoir r\u00e9aliser les th\u00e8mes impos\u00e9s.<\/p>\n<p style=\"text-align: center;\">\n<\/div>\n<div class=\"clear\"><\/div>\n<\/div>\n<p style=\"text-align: center;\">\n<div class=\"accordion-box\">\n<h2>Et je gagne quoi?<\/h2>\n<div class=\"acc-content\">\n<p style=\"text-align: center;\">Le plaisir de s&rsquo;\u00eatre amus\u00e9 \u00e0 mettre au d\u00e9fi sa cr\u00e9ativit\u00e9, et cerise sur le g\u00e2teau, un ch\u00e8que de<strong> 1000\u20ac<\/strong> si tu gagnes le marathon.<\/p>\n<p style=\"text-align: center;\">\n<\/div>\n<div class=\"clear\"><\/div>\n<\/div>\n<p style=\"text-align: center;\">\n<div class=\"accordion-box\">\n<h2>Qui juge mes photos?<\/h2>\n<div class=\"acc-content\">\n<p style=\"text-align: center;\">Un jury, compos\u00e9 de 4 photographes, notera chaque photo de son c\u00f4t\u00e9. Ensuite une moyenne des notes sera faites, ce qui d\u00e9terminera l&rsquo;heureux(se) gagnant(e)<\/p>\n<p style=\"text-align: center;\">\n<\/div>\n<div class=\"clear\"><\/div>\n<\/div>\n<p style=\"text-align: center;\">\n<div class=\"accordion-box\">\n<h2>Retrait des dossards<\/h2>\n<div class=\"acc-content\">\n<p style=\"text-align: center;\">Les dossards seront \u00e0 retirer au <strong>jardin de l&rsquo;Ev\u00each\u00e9<\/strong> de Quimper le 22 juillet 2023 \u00e0 partir de <strong>8h30<\/strong>.<\/p>\n<p style=\"text-align: center;\">\n<\/div>\n<div class=\"clear\"><\/div>\n<\/div>\n<p style=\"text-align: center;\">\n<div class=\"clear\"><\/div><\/div><\/p>\n<\/div>\n<div class=\"section section-info\" style=\"text-align: center;\"><\/div>\n<div class=\"section section-info\">\n<p style=\"text-align: center;\">\n<\/div>\n","protected":false},"excerpt":{"rendered":"","protected":false},"author":2,"featured_media":0,"parent":59,"menu_order":4,"comment_status":"closed","ping_status":"closed","template":"page-templates\/template-no-sidebar.php","meta":{"_acf_changed":false,"footnotes":""},"class_list":["post-65","page","type-page","status-publish","hentry"],"acf":[],"_links":{"self":[{"href":"http:\/\/2023.marathonphotocornouaille.bzh\/index.php\/wp-json\/wp\/v2\/pages\/65","targetHints":{"allow":["GET"]}}],"collection":[{"href":"http:\/\/2023.marathonphotocornouaille.bzh\/index.php\/wp-json\/wp\/v2\/pages"}],"about":[{"href":"http:\/\/2023.marathonphotocornouaille.bzh\/index.php\/wp-json\/wp\/v2\/types\/page"}],"author":[{"embeddable":true,"href":"http:\/\/2023.marathonphotocornouaille.bzh\/index.php\/wp-json\/wp\/v2\/users\/2"}],"replies":[{"embeddable":true,"href":"http:\/\/2023.marathonphotocornouaille.bzh\/index.php\/wp-json\/wp\/v2\/comments?post=65"}],"version-history":[{"count":25,"href":"http:\/\/2023.marathonphotocornouaille.bzh\/index.php\/wp-json\/wp\/v2\/pages\/65\/revisions"}],"predecessor-version":[{"id":557,"href":"http:\/\/2023.marathonphotocornouaille.bzh\/index.php\/wp-json\/wp\/v2\/pages\/65\/revisions\/557"}],"up":[{"embeddable":true,"href":"http:\/\/2023.marathonphotocornouaille.bzh\/index.php\/wp-json\/wp\/v2\/pages\/59"}],"wp:attachment":[{"href":"http:\/\/2023.marathonphotocornouaille.bzh\/index.php\/wp-json\/wp\/v2\/media?parent=65"}],"curies":[{"name":"wp","href":"https:\/\/api.w.org\/{rel}","templated":true}]}}

<div class="section section-info">
<h4 class="heading" style="text-align: center;"></h4>
<p style="text-align: center;"><div class="customtab"></p>
<p style="text-align: center;">
<div class="accordion-box">
<h2>C&rsquo;est quand?</h2>
<div class="acc-content">
<p style="text-align: center;">A partir de 9h, le samedi 22 juillet 2023 à Quimper</p>
<p style="text-align: center;">
</div>
<div class="clear"></div>
</div>
<p style="text-align: center;">
<div class="accordion-box">
<h2>C&rsquo;est où?</h2>
<div class="acc-content">
<p style="text-align: center;">Départ depuis le jardin de l&rsquo;Évêché de Quimper</p>
<p style="text-align: center;">
</div>
<div class="clear"></div>
</div>
<p style="text-align: center;">
<div class="accordion-box">
<h2>Pour qui ?</h2>
<div class="acc-content">
<p style="text-align: center;">Le marathon photo de Cornouaille est ouvert à toutes les personnes disposant d&rsquo;un appareil photo acceptant les cartes SD.<br />
Petits et grands venez relever le défi!</p>
<p style="text-align: center;">
</div>
<div class="clear"></div>
</div>
<p style="text-align: center;">
<div class="accordion-box">
<h2>L&rsquo;objectif</h2>
<div class="acc-content">
<p style="text-align: center;">9 heures, 9 thèmes, 9 photos.</p>
<p style="text-align: center;">Et parce que ce n&rsquo;est pas assez compliqué, il faut les faire dans l&rsquo;ordre imposé.</p>
<p style="text-align: center;">
</div>
<div class="clear"></div>
</div>
<p style="text-align: center;">
<div class="accordion-box">
<h2>Parlons des thèmes</h2>
<div class="acc-content">
<p style="text-align: center;">Les thèmes ne seront connus que le 22 juillet à 9h00. Les 9 thèmes seront dévoilés en même temps.</p>
<p style="text-align: center;">Même si je ne vais pas te dire les thèmes, je peux te dire qu&rsquo;ils seront diversifiés et qu&rsquo;ils sauront potentiellement très loin de la culture bretonne.</p>
<p style="text-align: center;">
</div>
<div class="clear"></div>
</div>
<p style="text-align: center;">
<div class="accordion-box">
<h2>Et ça coûte combien?</h2>
<div class="acc-content">
<p style="text-align: center;">Le prix du dossard est de <strong>20€</strong>. Pour ce prix vous recevrez un kit comprenant, entre autre une carte SD pour réaliser vos photos. A la fin de la journée, tu devras nous la restituer.</p>
<p style="text-align: center;">Tu n&rsquo;auras pas la nécessité d&rsquo;aller dans les spectacles payants du Festival de Cornouaille pour pouvoir réaliser les thèmes imposés.</p>
<p style="text-align: center;">
</div>
<div class="clear"></div>
</div>
<p style="text-align: center;">
<div class="accordion-box">
<h2>Et je gagne quoi?</h2>
<div class="acc-content">
<p style="text-align: center;">Le plaisir de s&rsquo;être amusé à mettre au défi sa créativité, et cerise sur le gâteau, un chèque de<strong> 1000€</strong> si tu gagnes le marathon.</p>
<p style="text-align: center;">
</div>
<div class="clear"></div>
</div>
<p style="text-align: center;">
<div class="accordion-box">
<h2>Qui juge mes photos?</h2>
<div class="acc-content">
<p style="text-align: center;">Un jury, composé de 4 photographes, notera chaque photo de son côté. Ensuite une moyenne des notes sera faites, ce qui déterminera l&rsquo;heureux(se) gagnant(e)</p>
<p style="text-align: center;">
</div>
<div class="clear"></div>
</div>
<p style="text-align: center;">
<div class="accordion-box">
<h2>Retrait des dossards</h2>
<div class="acc-content">
<p style="text-align: center;">Les dossards seront à retirer au <strong>jardin de l&rsquo;Evêché</strong> de Quimper le 22 juillet 2023 à partir de <strong>8h30</strong>.</p>
<p style="text-align: center;">
</div>
<div class="clear"></div>
</div>
<p style="text-align: center;">
<div class="clear"></div></div></p>
</div>
<div class="section section-info" style="text-align: center;"></div>
<div class="section section-info">
<p style="text-align: center;">
</div>
