{"id":2,"date":"2023-02-11T14:31:21","date_gmt":"2023-02-11T13:31:21","guid":{"rendered":"http:\/\/2023.marathonphotocornouaille.bzh\/?page_id=2"},"modified":"2023-07-07T21:33:12","modified_gmt":"2023-07-07T19:33:12","slug":"reglement","status":"publish","type":"page","link":"http:\/\/2023.marathonphotocornouaille.bzh\/index.php\/informations\/reglement\/","title":{"rendered":"R\u00e8glement"},"content":{"rendered":"<h2>Article 1 \u2013 Marathon photo de Cornouaille<\/h2>\n<p>Le Marathon Photo Cornouaille est organis\u00e9 par le Collectif Photo Gab\u00e9ricois (CPG), association loi 1901 dont l\u2019objectif est de promouvoir la photographie.<\/p>\n<h2>Article 2 \u2013 Le principe du marathon<\/h2>\n<p>L\u2019association CPG organise un Marathon Photographique Num\u00e9rique intitul\u00e9 \u00ab Marathon Photo Cornouaille \u00bb qui aura lieu le samedi 22 juillet 2023 \u00e0 partir de 9h.<br \/>\nLes participants viendront retirer leur kit \u00e0 partir de 7h afin de valider leur inscription. Ils y recevront une feuille de route avec le d\u00e9roulement de la journ\u00e9e et une carte SD standard. Neufs th\u00e8mes \u00e0 photographier seront propos\u00e9s et seront \u00e0 r\u00e9aliser dans l\u2019ordre indiqu\u00e9.<br \/>\nLe d\u00e9part du Marathon Photo aura lieu \u00e0 9 heures.<\/p>\n<p>Les photos pourront \u00eatre prises jusqu\u2019\u00e0 17h59 et remises jusqu\u2019\u00e0 18h30, en format JPG\/JPEG, (pas de format RAW) sans modifications ou transformations logicielles ult\u00e9rieures. Seuls sont admis les r\u00e9glages \u00e0 partir de votre boitier photo. L\u2019utilisation d\u2019accessoires, filtres, flash\u2026est autoris\u00e9e.<\/p>\n<p>Aucun appareil photo ne sera pr\u00eat\u00e9. Il est \u00e0 la charge de chacun de venir \u00e9quip\u00e9 d\u2019un appareil photo num\u00e9rique. La carte SD est fourni dans le kit. Sa restitution permettra au jury de visionner vos photos pour le r\u00e9sultat du Marathon.<br \/>\nEn cas de probl\u00e8me avec la carte, une nouvelle carte sera fournie sur demande. Aucun temps suppl\u00e9mentaire ne pourra \u00eatre ajout\u00e9.<\/p>\n<h2>Article 3 \u2013 Les candidats<\/h2>\n<p>Ce marathon photo est ouvert \u00e0 tous. Si le candidat est mineur, il doit imp\u00e9rativement \u00eatre accompagn\u00e9 d\u2019une personne majeure et \u00eatre muni d\u2019une autorisation parentale. Celle-ci est \u00e0 renseigner lors de l\u2019inscription.<\/p>\n<h2>Article 4 \u2013 Inscription<\/h2>\n<p>Un formulaire d\u2019inscription en ligne est disponible sur le site www.2023.marathonphotocornouaille.bzh<br \/>\nL\u2019inscription sera consid\u00e9r\u00e9e comme d\u00e9finitive lorsque le formulaire en ligne sera rempli, que vous aurez coch\u00e9 l\u2019acceptation du r\u00e8glement et que l\u2019association aura re\u00e7u le paiement de 20 euros en ligne. Toutes les inscriptions en lignes devront \u00eatre faites avant le 21 juillet 2023, date de cl\u00f4ture des inscriptions. Le retrait des kits se fera dans le jardin de l&rsquo;\u00e9v\u00each\u00e9 \u00e0 Quimper.<br \/>\nEn vous inscrivant, vous autorisez le CPG \u00e0 diffuser les photos en son nom.<br \/>\nToute inscription est d\u00e9finitive. Il n\u2019y aura pas de remboursement possible.<br \/>\nLe collectif photo Gab\u00e9ricois se r\u00e9serve le droit d&rsquo;annuler l&rsquo;\u00e9v\u00e8nement en dessous de 50 participants. Dans ce cas les participants engag\u00e9s seraient rembours\u00e9s.<\/p>\n<h2>Article 5 \u2013 Jury et r\u00e9sultats<\/h2>\n<p>Les photos seront soumises \u00e0 un jury souverain constitu\u00e9 de photographes. Les r\u00e9sultats seront d\u00e9finitifs et aucune remise en cause l\u00e9gale ne sera possible.<br \/>\nChaque membre du jury attribuera une note en son \u00e2me et conscience. Les participants seront avertis par email de la mise en ligne des r\u00e9sultats, qui seront rendus publiques sur le site web et lors de la remise des prix. La remise des prix aura lieu le 15 octobre 2023 au centre culturel l&rsquo;Athena \u00e0 Ergu\u00e9-Gab\u00e9ric.<\/p>\n<h2>Article 6 \u2013 Dotation<\/h2>\n<p>Le concours sera dot\u00e9 de :<\/p>\n<ul>\n<li>1er prix : 1000\u20ac<\/li>\n<li>2\u00e8me prix : 500\u20ac<\/li>\n<li>3\u00e8me prix : 250\u20ac<\/li>\n<li>Du 4 \u00e8me prix au\u00a010 \u00e8me prix : Bons d&rsquo;achat<br \/>\nLes prix seront remis par ch\u00e8que au nom du participant.<br \/>\nEn cas d\u2019absence \u00e0 la remise des prix, les participants devront prendre contact avec le CPG pour venir chercher leur ch\u00e8que sous un d\u00e9lais de 10 semaines.<br \/>\nS\u2019ils ne viennent pas dans le d\u00e9lai, le ch\u00e8que sera perdu.<\/li>\n<\/ul>\n<h2>Article 7 \u2013 Responsabilit\u00e9 du Collectif Photo Gab\u00e9ricois<\/h2>\n<p>En cas de force majeure ou si des circonstances exceptionnelles l\u2019exigeaient, l\u2019association se r\u00e9serve le droit : d\u2019\u00e9courter, de prolonger, de modifier ou d\u2019annuler ce marathon. Sa responsabilit\u00e9 ne saurait \u00eatre engag\u00e9e de ce fait. L\u2019\u00e9v\u00e8nement serait report\u00e9 avec report des cotisations. De m\u00eame, l\u2019organisation ne pourra pas \u00eatre tenue pour responsable d\u2019\u00e9v\u00e9nements pr\u00e9sentant des caract\u00e8res exceptionnels (gr\u00e8ves, intemp\u00e9ries\u2026) ou autres, ind\u00e9pendants de sa volont\u00e9 emp\u00eachant le bon d\u00e9roulement du concours et\/ou privant partiellement ou totalement les gagnants du b\u00e9n\u00e9fice de leur(s) gain(s) (d\u00e9sengagement des partenaires).<br \/>\nLes organisateurs ne pourront \u00eatre tenus responsables en cas de pertes des donn\u00e9es num\u00e9riques, d\u00e9faillance de la carte ou perte apr\u00e8s sa remise.<\/p>\n<h2>Article 8 \u2013 Responsabilit\u00e9 des participants<\/h2>\n<p>Le CPG n\u2019est pas responsable civilement des actes des participants. Aussi, elle enjoint chaque participant \u00e0 bien respecter le droit \u00e0 l\u2019image des personnes photographi\u00e9es et \u00e0 ne pas nuire \u00e0 l\u2019ordre public.<\/p>\n<h2>Article 9 \u2013 Droit sur les \u0153uvres<\/h2>\n<p>Ce marathon ne vise pas \u00e0 acqu\u00e9rir les droits sur les \u0153uvres : les participants restent propri\u00e9taires de toutes les photos r\u00e9alis\u00e9es. N\u00e9anmoins, en participant \u00e0 ce concours, les photos seront publi\u00e9es sur le site web et vous autorisez le CPG \u00e0 les utiliser \u00e0 des fins non commerciales sur tout support de communication : expositions, site internet affiches et articles de presse.<\/p>\n<h2>Article 10 \u2013 Interdiction<\/h2>\n<p>Les membres de l&rsquo;association du CPG ainsi que les membres du jury s\u2019interdisent la participation au marathon. L\u2019acc\u00e8s aux alli\u00e9s directs des membres est \u00e9galement interdit.<\/p>\n<h2>Article 11 \u2013 Application du r\u00e8glement<\/h2>\n<p>Toute participation au marathon entra\u00eene l&rsquo;enti\u00e8re acceptation du pr\u00e9sent r\u00e8glement. Tout renseignement compl\u00e9mentaire pourra \u00eatre obtenu par courriel \u00e0 l\u2019adresse suivante : collectifphotogabericois@gmail.com<\/p>\n","protected":false},"excerpt":{"rendered":"<p>Article 1 \u2013 Marathon photo de Cornouaille Le Marathon Photo Cornouaille est organis\u00e9 par le Collectif Photo Gab\u00e9ricois (CPG), association loi 1901 dont l\u2019objectif est de promouvoir la photographie. Article 2 \u2013 Le principe du marathon L\u2019association CPG organise un Marathon Photographique Num\u00e9rique intitul\u00e9 \u00ab Marathon Photo Cornouaille \u00bb qui aura lieu le samedi 22 juillet 2023 \u00e0 partir de 9h. Les participants viendront retirer leur kit \u00e0 partir de 7h afin de valider leur inscription. Ils y recevront une feuille de route avec le d\u00e9roulement de la journ\u00e9e et une carte SD standard. Neufs th\u00e8mes \u00e0 photographier seront propos\u00e9s&#8230; <\/p>\n","protected":false},"author":1,"featured_media":0,"parent":59,"menu_order":2,"comment_status":"closed","ping_status":"closed","template":"page-templates\/template-no-sidebar.php","meta":{"_acf_changed":false,"footnotes":""},"class_list":["post-2","page","type-page","status-publish","hentry"],"acf":[],"_links":{"self":[{"href":"http:\/\/2023.marathonphotocornouaille.bzh\/index.php\/wp-json\/wp\/v2\/pages\/2","targetHints":{"allow":["GET"]}}],"collection":[{"href":"http:\/\/2023.marathonphotocornouaille.bzh\/index.php\/wp-json\/wp\/v2\/pages"}],"about":[{"href":"http:\/\/2023.marathonphotocornouaille.bzh\/index.php\/wp-json\/wp\/v2\/types\/page"}],"author":[{"embeddable":true,"href":"http:\/\/2023.marathonphotocornouaille.bzh\/index.php\/wp-json\/wp\/v2\/users\/1"}],"replies":[{"embeddable":true,"href":"http:\/\/2023.marathonphotocornouaille.bzh\/index.php\/wp-json\/wp\/v2\/comments?post=2"}],"version-history":[{"count":12,"href":"http:\/\/2023.marathonphotocornouaille.bzh\/index.php\/wp-json\/wp\/v2\/pages\/2\/revisions"}],"predecessor-version":[{"id":552,"href":"http:\/\/2023.marathonphotocornouaille.bzh\/index.php\/wp-json\/wp\/v2\/pages\/2\/revisions\/552"}],"up":[{"embeddable":true,"href":"http:\/\/2023.marathonphotocornouaille.bzh\/index.php\/wp-json\/wp\/v2\/pages\/59"}],"wp:attachment":[{"href":"http:\/\/2023.marathonphotocornouaille.bzh\/index.php\/wp-json\/wp\/v2\/media?parent=2"}],"curies":[{"name":"wp","href":"https:\/\/api.w.org\/{rel}","templated":true}]}}

Règlement

<h2>Article 1 – Marathon photo de Cornouaille</h2>
<p>Le Marathon Photo Cornouaille est organisé par le Collectif Photo Gabéricois (CPG), association loi 1901 dont l’objectif est de promouvoir la photographie.</p>
<h2>Article 2 – Le principe du marathon</h2>
<p>L’association CPG organise un Marathon Photographique Numérique intitulé « Marathon Photo Cornouaille » qui aura lieu le samedi 22 juillet 2023 à partir de 9h.<br />
Les participants viendront retirer leur kit à partir de 7h afin de valider leur inscription. Ils y recevront une feuille de route avec le déroulement de la journée et une carte SD standard. Neufs thèmes à photographier seront proposés et seront à réaliser dans l’ordre indiqué.<br />
Le départ du Marathon Photo aura lieu à 9 heures.</p>
<p>Les photos pourront être prises jusqu’à 17h59 et remises jusqu’à 18h30, en format JPG/JPEG, (pas de format RAW) sans modifications ou transformations logicielles ultérieures. Seuls sont admis les réglages à partir de votre boitier photo. L’utilisation d’accessoires, filtres, flash…est autorisée.</p>
<p>Aucun appareil photo ne sera prêté. Il est à la charge de chacun de venir équipé d’un appareil photo numérique. La carte SD est fourni dans le kit. Sa restitution permettra au jury de visionner vos photos pour le résultat du Marathon.<br />
En cas de problème avec la carte, une nouvelle carte sera fournie sur demande. Aucun temps supplémentaire ne pourra être ajouté.</p>
<h2>Article 3 – Les candidats</h2>
<p>Ce marathon photo est ouvert à tous. Si le candidat est mineur, il doit impérativement être accompagné d’une personne majeure et être muni d’une autorisation parentale. Celle-ci est à renseigner lors de l’inscription.</p>
<h2>Article 4 – Inscription</h2>
<p>Un formulaire d’inscription en ligne est disponible sur le site www.2023.marathonphotocornouaille.bzh<br />
L’inscription sera considérée comme définitive lorsque le formulaire en ligne sera rempli, que vous aurez coché l’acceptation du règlement et que l’association aura reçu le paiement de 20 euros en ligne. Toutes les inscriptions en lignes devront être faites avant le 21 juillet 2023, date de clôture des inscriptions. Le retrait des kits se fera dans le jardin de l&rsquo;évêché à Quimper.<br />
En vous inscrivant, vous autorisez le CPG à diffuser les photos en son nom.<br />
Toute inscription est définitive. Il n’y aura pas de remboursement possible.<br />
Le collectif photo Gabéricois se réserve le droit d&rsquo;annuler l&rsquo;évènement en dessous de 50 participants. Dans ce cas les participants engagés seraient remboursés.</p>
<h2>Article 5 – Jury et résultats</h2>
<p>Les photos seront soumises à un jury souverain constitué de photographes. Les résultats seront définitifs et aucune remise en cause légale ne sera possible.<br />
Chaque membre du jury attribuera une note en son âme et conscience. Les participants seront avertis par email de la mise en ligne des résultats, qui seront rendus publiques sur le site web et lors de la remise des prix. La remise des prix aura lieu le 15 octobre 2023 au centre culturel l&rsquo;Athena à Ergué-Gabéric.</p>
<h2>Article 6 – Dotation</h2>
<p>Le concours sera doté de :</p>
<ul>
<li>1er prix : 1000€</li>
<li>2ème prix : 500€</li>
<li>3ème prix : 250€</li>
<li>Du 4 ème prix au 10 ème prix : Bons d&rsquo;achat<br />
Les prix seront remis par chèque au nom du participant.<br />
En cas d’absence à la remise des prix, les participants devront prendre contact avec le CPG pour venir chercher leur chèque sous un délais de 10 semaines.<br />
S’ils ne viennent pas dans le délai, le chèque sera perdu.</li>
</ul>
<h2>Article 7 – Responsabilité du Collectif Photo Gabéricois</h2>
<p>En cas de force majeure ou si des circonstances exceptionnelles l’exigeaient, l’association se réserve le droit : d’écourter, de prolonger, de modifier ou d’annuler ce marathon. Sa responsabilité ne saurait être engagée de ce fait. L’évènement serait reporté avec report des cotisations. De même, l’organisation ne pourra pas être tenue pour responsable d’événements présentant des caractères exceptionnels (grèves, intempéries…) ou autres, indépendants de sa volonté empêchant le bon déroulement du concours et/ou privant partiellement ou totalement les gagnants du bénéfice de leur(s) gain(s) (désengagement des partenaires).<br />
Les organisateurs ne pourront être tenus responsables en cas de pertes des données numériques, défaillance de la carte ou perte après sa remise.</p>
<h2>Article 8 – Responsabilité des participants</h2>
<p>Le CPG n’est pas responsable civilement des actes des participants. Aussi, elle enjoint chaque participant à bien respecter le droit à l’image des personnes photographiées et à ne pas nuire à l’ordre public.</p>
<h2>Article 9 – Droit sur les œuvres</h2>
<p>Ce marathon ne vise pas à acquérir les droits sur les œuvres : les participants restent propriétaires de toutes les photos réalisées. Néanmoins, en participant à ce concours, les photos seront publiées sur le site web et vous autorisez le CPG à les utiliser à des fins non commerciales sur tout support de communication : expositions, site internet affiches et articles de presse.</p>
<h2>Article 10 – Interdiction</h2>
<p>Les membres de l&rsquo;association du CPG ainsi que les membres du jury s’interdisent la participation au marathon. L’accès aux alliés directs des membres est également interdit.</p>
<h2>Article 11 – Application du règlement</h2>
<p>Toute participation au marathon entraîne l&rsquo;entière acceptation du présent règlement. Tout renseignement complémentaire pourra être obtenu par courriel à l’adresse suivante : collectifphotogabericois@gmail.com</p>

<p>Article 1 – Marathon photo de Cornouaille Le Marathon Photo Cornouaille est organisé par le Collectif Photo Gabéricois (CPG), association loi 1901 dont l’objectif est de promouvoir la photographie. Article 2 – Le principe du marathon L’association CPG organise un Marathon Photographique Numérique intitulé « Marathon Photo Cornouaille » qui aura lieu le samedi 22 juillet 2023 à partir de 9h. Les participants viendront retirer leur kit à partir de 7h afin de valider leur inscription. Ils y recevront une feuille de route avec le déroulement de la journée et une carte SD standard. Neufs thèmes à photographier seront proposés&#8230; </p>
